{"id":16907,"date":"2023-10-04T09:37:26","date_gmt":"2023-10-04T07:37:26","guid":{"rendered":"https:\/\/www.oldera.at\/oldera\/?post_type=product&#038;p=16907"},"modified":"2023-10-04T10:31:24","modified_gmt":"2023-10-04T08:31:24","slug":"giftcard","status":"publish","type":"product","link":"https:\/\/www.oldera.at\/oldera\/produkt\/giftcard\/","title":{"rendered":"Giftcard\ud83c\udf81"},"content":{"rendered":"<p>[et_pb_section fb_built=&#8220;1&#8243; _builder_version=&#8220;4.16&#8243; _module_preset=&#8220;default&#8220; custom_padding=&#8220;0px||0px||false|false&#8220; global_colors_info=&#8220;{}&#8220;][et_pb_row _builder_version=&#8220;4.16&#8243; _module_preset=&#8220;default&#8220; background_size=&#8220;initial&#8220; background_position=&#8220;top_left&#8220; background_repeat=&#8220;repeat&#8220; width=&#8220;100%&#8220; custom_padding=&#8220;0px||0px||false|false&#8220; global_colors_info=&#8220;{}&#8220;][et_pb_column type=&#8220;4_4&#8243; _builder_version=&#8220;4.16&#8243; _module_preset=&#8220;default&#8220; custom_padding=&#8220;|||&#8220; global_colors_info=&#8220;{}&#8220; custom_padding__hover=&#8220;|||&#8220;][et_pb_wc_breadcrumb breadcrumb_home_text=&#8220;SHOP&#8220; breadcrumb_home_url=&#8220;https:\/\/www.oldera.at\/oldera\/shop\/&#8220; _builder_version=&#8220;4.20.2&#8243; _module_preset=&#8220;default&#8220; global_colors_info=&#8220;{}&#8220;][\/et_pb_wc_breadcrumb][et_pb_wc_cart_notice _builder_version=&#8220;4.20.2&#8243; _module_preset=&#8220;default&#8220; custom_padding=&#8220;|||10px|false|false&#8220; custom_padding_tablet=&#8220;|||10px|false|false&#8220; custom_padding_phone=&#8220;|||10px|false|false&#8220; custom_padding_last_edited=&#8220;on|phone&#8220; title_font_tablet=&#8220;&#8220; title_font_phone=&#8220;&#8220; title_font_last_edited=&#8220;on|tablet&#8220; title_font_size_tablet=&#8220;16px&#8220; title_font_size_phone=&#8220;12px&#8220; title_font_size_last_edited=&#8220;on|phone&#8220; global_colors_info=&#8220;{}&#8220;][\/et_pb_wc_cart_notice][\/et_pb_column][\/et_pb_row][et_pb_row column_structure=&#8220;1_2,1_2&#8243; _builder_version=&#8220;4.16&#8243; _module_preset=&#8220;default&#8220; background_size=&#8220;initial&#8220; background_position=&#8220;top_left&#8220; background_repeat=&#8220;repeat&#8220; width=&#8220;100%&#8220; custom_padding=&#8220;0px||||false|false&#8220; global_colors_info=&#8220;{}&#8220;][et_pb_column type=&#8220;1_2&#8243; _builder_version=&#8220;4.16&#8243; _module_preset=&#8220;default&#8220; custom_padding=&#8220;|||&#8220; global_colors_info=&#8220;{}&#8220; custom_padding__hover=&#8220;|||&#8220;][et_pb_wc_images sale_badge_color=&#8220;gcid-f1f81c75-9440-4436-b53c-37d7d4d5b517&#8243; _builder_version=&#8220;4.21.0&#8243; _module_preset=&#8220;dcca9078-edbf-457f-b8a5-f962cd1c09d4&#8243; sale_badge_font=&#8220;Times New Roman||||||||&#8220; global_colors_info=&#8220;{%22gcid-f1f81c75-9440-4436-b53c-37d7d4d5b517%22:%91%22sale_badge_color%22%93}&#8220;][\/et_pb_wc_images][\/et_pb_column][et_pb_column type=&#8220;1_2&#8243; _builder_version=&#8220;4.16&#8243; _module_preset=&#8220;default&#8220; custom_padding=&#8220;|||&#8220; global_colors_info=&#8220;{}&#8220; custom_padding__hover=&#8220;|||&#8220;][et_pb_wc_title _builder_version=&#8220;4.20.2&#8243; _module_preset=&#8220;default&#8220; header_font=&#8220;Times New Roman|600|||||||&#8220; header_text_align=&#8220;center&#8220; header_text_color=&#8220;#000000&#8243; header_font_size=&#8220;35px&#8220; header_font_size_tablet=&#8220;35px&#8220; header_font_size_phone=&#8220;35px&#8220; header_font_size_last_edited=&#8220;on|phone&#8220; global_colors_info=&#8220;{}&#8220;][\/et_pb_wc_title][et_pb_wc_rating _builder_version=&#8220;4.20.2&#8243; _module_preset=&#8220;default&#8220; text_orientation=&#8220;center&#8220; global_colors_info=&#8220;{}&#8220;][\/et_pb_wc_rating][et_pb_wc_price _builder_version=&#8220;4.20.2&#8243; _module_preset=&#8220;default&#8220; body_font=&#8220;Times New Roman||||||||&#8220; body_text_color=&#8220;gcid-f1f81c75-9440-4436-b53c-37d7d4d5b517&#8243; body_font_size=&#8220;22px&#8220; text_orientation=&#8220;center&#8220; custom_margin=&#8220;-10px||||false|false&#8220; custom_margin_tablet=&#8220;-15px||||false|false&#8220; custom_margin_phone=&#8220;-20px||||false|false&#8220; custom_margin_last_edited=&#8220;on|phone&#8220; custom_padding=&#8220;||0px||false|false&#8220; body_font_size_tablet=&#8220;22px&#8220; body_font_size_phone=&#8220;15px&#8220; body_font_size_last_edited=&#8220;on|phone&#8220; body_text_shadow_style=&#8220;preset2&#8243; body_text_shadow_color=&#8220;rgba(0,0,0,0.1)&#8220; global_colors_info=&#8220;{%22gcid-f1f81c75-9440-4436-b53c-37d7d4d5b517%22:%91%22body_text_color%22%93}&#8220;][\/et_pb_wc_price][et_pb_wc_description _builder_version=&#8220;4.20.4&#8243; _module_preset=&#8220;default&#8220; header_font_size=&#8220;22px&#8220; header_2_font_size=&#8220;18px&#8220; text_orientation=&#8220;center&#8220; width=&#8220;65%&#8220; width_tablet=&#8220;60%&#8220; width_phone=&#8220;59%&#8220; width_last_edited=&#8220;on|phone&#8220; module_alignment=&#8220;center&#8220; header_font_size_tablet=&#8220;22px&#8220; header_font_size_phone=&#8220;22px&#8220; header_font_size_last_edited=&#8220;on|desktop&#8220; header_2_font_size_tablet=&#8220;20px&#8220; header_2_font_size_phone=&#8220;24px&#8220; header_2_font_size_last_edited=&#8220;on|tablet&#8220; global_colors_info=&#8220;{}&#8220;][\/et_pb_wc_description][et_pb_wc_add_to_cart field_label_position=&#8220;stacked&#8220; _builder_version=&#8220;4.20.2&#8243; _module_preset=&#8220;default&#8220; fields_background_color=&#8220;rgba(0,0,0,0.11)&#8220; dropdown_menus_background_color=&#8220;rgba(0,0,0,0.11)&#8220; dropdown_menus_text_color=&#8220;rgba(0,0,0,0.45)&#8220; dropdown_menus_focus_background_color=&#8220;rgba(0,0,0,0.11)&#8220; dropdown_menus_focus_text_color=&#8220;rgba(0,0,0,0.45)&#8220; field_label_text_align=&#8220;left&#8220; fields_text_align=&#8220;center&#8220; custom_button=&#8220;on&#8220; text_orientation=&#8220;center&#8220; border_color_all_dropdown_menus=&#8220;#FFFFFF&#8220; global_colors_info=&#8220;{}&#8220;][\/et_pb_wc_add_to_cart][et_pb_wc_meta show_sku=&#8220;off&#8220; _builder_version=&#8220;4.20.2&#8243; _module_preset=&#8220;default&#8220; global_colors_info=&#8220;{}&#8220;][\/et_pb_wc_meta][\/et_pb_column][\/et_pb_row][et_pb_row _builder_version=&#8220;4.16&#8243; _module_preset=&#8220;default&#8220; background_size=&#8220;initial&#8220; background_position=&#8220;top_left&#8220; background_repeat=&#8220;repeat&#8220; width=&#8220;100%&#8220; custom_margin=&#8220;|auto|43px|auto|false|false&#8220; custom_margin_tablet=&#8220;|auto|0px|auto|false|false&#8220; custom_margin_phone=&#8220;|auto|0px|auto|false|false&#8220; custom_margin_last_edited=&#8220;on|desktop&#8220; custom_padding=&#8220;||0px|||&#8220; global_colors_info=&#8220;{}&#8220;][et_pb_column type=&#8220;4_4&#8243; _builder_version=&#8220;4.16&#8243; _module_preset=&#8220;default&#8220; custom_padding=&#8220;|||&#8220; global_colors_info=&#8220;{}&#8220; custom_padding__hover=&#8220;|||&#8220;][et_pb_wc_upsells _builder_version=&#8220;4.16&#8243; _module_preset=&#8220;default&#8220; global_colors_info=&#8220;{}&#8220; custom_padding=&#8220;66px|||||&#8220;][\/et_pb_wc_upsells][et_pb_wc_related_products orderby=&#8220;popularity&#8220; sale_badge_color=&#8220;gcid-f1f81c75-9440-4436-b53c-37d7d4d5b517&#8243; _builder_version=&#8220;4.21.0&#8243; _module_preset=&#8220;12cc5e88-205e-4c67-99ed-064b527a6203&#8243; title_font=&#8220;Times New Roman|600|||||||&#8220; title_text_color=&#8220;#000000&#8243; product_title_font=&#8220;Times New Roman|600|||||||&#8220; product_title_text_align=&#8220;center&#8220; product_title_font_size=&#8220;17px&#8220; price_font=&#8220;Times New Roman||||||||&#8220; price_text_align=&#8220;center&#8220; price_text_color=&#8220;gcid-f1f81c75-9440-4436-b53c-37d7d4d5b517&#8243; sale_badge_font=&#8220;Times New Roman||||||||&#8220; custom_padding=&#8220;||0px|||&#8220; title_font_size_tablet=&#8220;&#8220; title_font_size_phone=&#8220;20px&#8220; title_font_size_last_edited=&#8220;on|phone&#8220; product_title_font_size_tablet=&#8220;17px&#8220; product_title_font_size_phone=&#8220;11px&#8220; product_title_font_size_last_edited=&#8220;on|desktop&#8220; price_font_size_tablet=&#8220;&#8220; price_font_size_phone=&#8220;10px&#8220; price_font_size_last_edited=&#8220;on|phone&#8220; sale_badge_font_size_phone=&#8220;13px&#8220; global_colors_info=&#8220;{%22gcid-f1f81c75-9440-4436-b53c-37d7d4d5b517%22:%91%22price_text_color%22,%22sale_badge_color%22%93}&#8220;][\/et_pb_wc_related_products][\/et_pb_column][\/et_pb_row][\/et_pb_section]<\/p>\n","protected":false},"excerpt":{"rendered":"<h3 style=\"text-align: left;\">Machen Sie den Homies eine Freude mit der OLDERA-Giftcard! \ud83d\ude42<\/h3>\n<h3 style=\"text-align: left;\">Geschenkkarten werden druckfertig per E-Mail, zum Einl\u00f6sen an der Kasse verschickt.<\/h3>\n<h3 style=\"text-align: left;\">F\u00fcr unsere Geschenkkarten fallen KEINE zus\u00e4tzlichen Bearbeitungsgeb\u00fchren an.<\/h3>\n<h3 style=\"text-align: left;\">Sie erhalten Ihre Giftcard an Werktagen innerhalb 24h.<\/h3>\n","protected":false},"featured_media":14298,"comment_status":"open","ping_status":"closed","template":"","meta":{"_et_pb_use_builder":"on","_et_pb_old_content":"","_et_gb_content_width":"","_monsterinsights_skip_tracking":false,"_monsterinsights_sitenote_active":false,"_monsterinsights_sitenote_note":"","_monsterinsights_sitenote_category":0},"product_brand":[],"product_cat":[136],"product_tag":[],"class_list":{"0":"post-16907","1":"product","2":"type-product","3":"status-publish","4":"has-post-thumbnail","6":"product_cat-giftcard","8":"first","9":"instock","10":"shipping-taxable","11":"purchasable","12":"product-type-variable"},"_links":{"self":[{"href":"https:\/\/www.oldera.at\/oldera\/wp-json\/wp\/v2\/product\/16907","targetHints":{"allow":["GET"]}}],"collection":[{"href":"https:\/\/www.oldera.at\/oldera\/wp-json\/wp\/v2\/product"}],"about":[{"href":"https:\/\/www.oldera.at\/oldera\/wp-json\/wp\/v2\/types\/product"}],"replies":[{"embeddable":true,"href":"https:\/\/www.oldera.at\/oldera\/wp-json\/wp\/v2\/comments?post=16907"}],"wp:featuredmedia":[{"embeddable":true,"href":"https:\/\/www.oldera.at\/oldera\/wp-json\/wp\/v2\/media\/14298"}],"wp:attachment":[{"href":"https:\/\/www.oldera.at\/oldera\/wp-json\/wp\/v2\/media?parent=16907"}],"wp:term":[{"taxonomy":"product_brand","embeddable":true,"href":"https:\/\/www.oldera.at\/oldera\/wp-json\/wp\/v2\/product_brand?post=16907"},{"taxonomy":"product_cat","embeddable":true,"href":"https:\/\/www.oldera.at\/oldera\/wp-json\/wp\/v2\/product_cat?post=16907"},{"taxonomy":"product_tag","embeddable":true,"href":"https:\/\/www.oldera.at\/oldera\/wp-json\/wp\/v2\/product_tag?post=16907"}],"curies":[{"name":"wp","href":"https:\/\/api.w.org\/{rel}","templated":true}]}}